3*20/(-220) a composite number?
False
Is (-40)/88 - (-750476340)/891 a prime number?
False
Let k(g) = 6861*g - 294. Let q be k(6). Suppose 32*h - q = 56696. Is h prime?
True
Suppose 0 = -14*y - 0*y + 966. Suppose -20365 = 64*v - y*v. Is v a prime number?
True
Let f = -614278 + 1030665. Is f composite?
False
Suppose -477*o + 464*o = -1922414. Is o prime?
False
Suppose 4*s - 340481 = 3*n, -2*s = 91*n - 94*n - 170239. Is s prime?
True
Let p be (-1)/((-4)/20192)*(-2)/(-4). Suppose 4*f - 8*f = p. Let x = -132 - f. Is x a composite number?
False
Let x(t) = -t**3 + 78*t**2 - 470*t - 38. Is x(51) a prime number?
True
Let y(p) = -p**3 + 6*p**2 + 10*p + 3. Let i be y(8). Let m = i - -34. Let d(x) = 27*x**2 + x - 53. Is d(m) composite?
False
Suppose -652042 = 74*o - 112*o. Is o prime?
True
Let g = 168 + -166. Suppose -2*y - 28074 = -g*x, 70193 = 5*x - 2*y - y. Is x composite?
True
Suppose -2*u - 241823 = -3*d, 95*u - 98*u = -6. Is d composite?
True
Is (1127931/(-98))/(2/8 + (-24)/32) a prime number?
False
Suppose 0 = 7*u + 38 - 248. Is 516/u*(-10)/(-4) prime?
True
Suppose -3*t - 20 = 4*y + 12, -t - 51 = 5*y. Is (-64392)/y + (-4)/(-22) a prime number?
False
Let y(n) be the first derivative of 0*n**3 - 5/2*n**2 - 73/4*n**4 - 7*n - 9. Is y(-3) a prime number?
True
Let m(d) = 194*d + 8143. Is m(0) a composite number?
True
Suppose -10721 = -14*l + 759293. Is l a prime number?
True
Let c(v) = 3*v**3 + 9*v**2 + 34*v - 649. Is c(17) composite?
True
Let r(g) = 5*g + 1298*g**2 + 89*g**2 - 7*g - 11 + 13*g + g. Is r(4) a composite number?
False
Let g(p) = 711*p - 34. Suppose 0 = b - 16 + 13. Is g(b) prime?
True
Let s = -29 - -27. Let p be (-2288692)/(-147) + (s/3)/(-1). Suppose 5*g + i = p, -5*i - 15540 = -2*g - 3*g. Is g composite?
True
Let z be -7 - -5 - (-16509 - (0 + -4)). Suppose -k - m = -2*k + z, 5*k = 2*m + 82515. Is k a prime number?
False
Let n(c) be the second derivative of c**4/12 - 4*c**3/3 + 3611*c**2/2 - 15*c. Is n(0) prime?
False
Suppose 1852212 = 3862*d - 3829*d + 53151. Is d composite?
False
Let u(m) = -m**3 + 8*m**2 + 8*m + 14. Let s = -15 + 24. Let d be u(s). Suppose -117 = -d*w - 2*f + 348, f - 278 = -3*w. Is w a prime number?
False
Let v(n) be the first derivative of 3*n**2 - 12*n + 18. Let r be v(3). Suppose -2875 - 1595 = -r*o. Is o composite?
True
Is (13648/24)/(48/2952) prime?
False
Suppose 5*u + 2*p - 1135 = 0, u = -2*p + 40 + 195. Suppose -u = -h + 26. Is h a composite number?
False
Let x be (-154)/(-30) + (-2)/15. Let j be 2 + (-6 - -5) + 1. Suppose 3*l = x*n + 1076 - 242, 4*l + j*n = 1112. Is l prime?
False
Suppose -120238 = -k - v, 2*k - 5*v - 285834 = -45386. Suppose -8*y + 19934 + k = 0. Is y a prime number?
False
Let l be -6*(-6 - (-17)/3). Suppose l*j = 2518 - 888. Is j prime?
False
Let t(w) = -8*w + 6*w + 400 - 71. Let k be t(0). Suppose -5*z = -3*p + 191, 2*z + z = 5*p - k. Is p composite?
False
Let v be (2 + 63/(-14))*-16990. Suppose 4*i - 2865 = v. Is i a prime number?
False
Let g(k) = -626*k + 109. Let p = -73 + 70. Is g(p) a prime number?
True
Suppose 4*r - 3*f = 1777003, -33*r = -29*r - f - 1777009. Is r prime?
True
Suppose j + 5*o = 136116, 544496 = -17*j + 21*j + 4*o. Suppose 28*u - 49654 = j. Is u a prime number?
False
Suppose -3*m = 3*n - 5*m - 65, -n = 4*m - 3. Let l(h) = 20*h - 11. Let v(j) = -9*j + 6. Let r(y) = 6*l(y) + 13*v(y). Is r(n) a prime number?
False
Let j = 9 + -4. Suppose -2*w + 6023 = d, 3016 = -15*w + 16*w + j*d. Is w composite?
False
Let h(o) = -978*o**3 + 4*o**2 + 3*o + 6. Let q be h(-2). Suppose -y = -5*j + q, 5*j + 2*y = y + 7830. Is j composite?
False
Let f(a) = a**3 + 14*a**2 + 49*a - 109. Is f(32) composite?
False
Let p(t) = -t**2 + 4*t + 5. Let l be p(6). Is -3*(62988/(-18) - l) a prime number?
True
Suppose -38099 + 98166 = 8*c - 53845. Is c a prime number?
False
Let t = -185 - -177. Let r(i) be the second derivative of -9*i**5/20 - 7*i**4/12 + 7*i**3/6 + 7*i**2/2 + 5*i. Is r(t) composite?
False
Let k = 20508 + -10975. Is k a prime number?
True
Is ((-30436)/70)/((-8)/(-20))*-89 prime?
False
Suppose -4*w + 139 = 103. Let h be (-26)/(-4) - (-8)/(48/w). Is (-2)/h*1 + (-9610)/(-8) a composite number?
False
Suppose -3*d + 3*w + 4362 = 8*w, 0 = 2*d + 4*w - 2906. Suppose -7*u + 24 = d. Let q = -2 - u. Is q a composite number?
True
Suppose -78180 = -4*p + 4*v, p + 28*v = 23*v + 19569. Suppose 4*g - 16 = -24, k = 4*g + p. Is k composite?
False
Let u = -1808 + 884. Suppose -9*l = -14*l + 2*o + 9965, 2*l + 2*o - 3972 = 0. Let y = l + u. Is y a prime number?
False
Let t = 18 + -15. Suppose 0 = 23*i - 21*i - 3112. Suppose -i = -t*d + 541. Is d prime?
False
Let j be ((54/8)/(-3))/((-49)/169932). Let u be (-9)/(225/(-10)) - j/(-5). Suppose 0 = 7*y - 3*y - 5*i - 2071, 3*y + 4*i - u = 0. Is y a composite number?
True
Let j(w) = -5*w**3 + 6*w**2 + 30*w - 10. Let i(p) = -11*p**3 + 13*p**2 + 61*p - 22. Let x(l) = -6*i(l) + 13*j(l). Is x(11) a prime number?
True
Let b(s) = 14364*s - 155. Is b(3) a prime number?
True
Let n be (-3)/(-6)*(-106)/1. Is ((-91054)/n)/(2 - 0/2) a prime number?
True
Let n be (-3)/(-2) + (-5)/(-10). Let v(k) = 0*k**n + 15*k**2 - 8 + k**3 + 5*k + 1. Is v(-6) a composite number?
True
Suppose -6*s = -83 + 563. Let w = s - -88. Suppose 3*b - w = 5*b, -463 = -z + 4*b. Is z a composite number?
True
Let y = -167 - -71. Let d = y + 98. Suppose -6*t + d*t = 2*q - 110, -t + 104 = 2*q. Is q composite?
True
Let g(r) = -11 + 139*r**2 - 13*r + 461*r**2 - 34*r**2. Is g(-4) a prime number?
False
Suppose -297598 = -5*t - 3*s, -2*t + 38*s + 119043 = 43*s. Is t composite?
True
Suppose 0 = 3*b + n - 76868, 4*b - 3*n - 53333 - 49136 = 0. Suppose -3*m - w + 15377 = 0, 0*w + b = 5*m - 2*w. Let j = -3488 + m. Is j a composite number?
False
Let x(s) = 263*s**3 - s**2 + 3*s - 2. Let y be x(1). Suppose -2*j - 352 = -6*j + 4*i, -3*j + 4*i + y = 0. Is (2 - 3)*j*-1 a prime number?
True
Let z = 375 - 387. Is ((-66)/z)/11*254 composite?
False
Suppose 3*n = -9 - 6, 5*n = 2*t - 31. Suppose -2*q - 12 = -3*q + g, t*g = -6. Suppose -q*f + 7*f = -1671. Is f composite?
False
Suppose 50*o = 51*o + l - 513199, o - 4*l - 513219 = 0. Is o a composite number?
False
Suppose 3*x - r + 7018 = 0, -5*x + 9350 = -9*x + 5*r. Let v = 6162 + x. Let k = -407 + v. Is k a prime number?
False
Let z(q) = 5*q**3 - 2*q**2 + 6*q - 16. Suppose 1 = -8*a + 57. Is z(a) composite?
True
Let b(v) = -184*v**2 + 41*v**3 - 2*v + 75*v**2 + 34*v**2 + 77*v**2. Suppose 4*q = 3*q + 4, -2*u = 4*q - 22. Is b(u) prime?
False
Suppose -v - 9*b = -324033, -3*v - 4*b + 3*b = -972203. Is v a composite number?
True
Let p(b) = b**3 - b**2 - 16*b + 33. Let y be p(3). Suppose -11*w + 9*w = y*n - 3131, 1549 = w - 4*n. Is w prime?
False
Suppose 0 = 3*h - 4*y - 322525, 3*y + 113876 = 3*h - 208648. Is h composite?
False
Let k(a) = 4*a + 1139. Let r(i) = 2*i**2 + 6*i - 3. Let d be r(-6). Let z = d + -33. Is k(z) prime?
False
Is (130/(-24) + 2/(-24))/(1/(-33926)) composite?
True
Let p(v) = v**3 - 3*v**2 + v - 1. Let x(i) = -2*i**3 + 5*i**2 - 2*i + 3. Let y(n) = -7*p(n) - 4*x(n). Suppose 5*q - 67 = -47. Is y(q) composite?
False
Let q = 3092 + -2459. Is q composite?
True
Suppose 12*v - 14*v + 16 = 0. Let h be ((-3)/6)/((-2)/v) - -872. Suppose 3*m - m - h = 0. Is m a prime number?
False
Let g(x) = 23*x - 107. Let r be g(5). Suppose -5*y = p - 7609, 2 = -10*p + r*p. Is y a prime number?
False
Let l(z) = 62*z**3 + 6*z**2 + 3*z + 7. Let h be l(6). Suppose -14*a - 3433 = h. Let u = a + 2162. Is u composite?
True
Suppose -3*m + s = 43, 0 = 5*m - 3*s + 75 - 2. Let u be (-12)/(-5) + m/10 + 1. Is u*(-5)/20*-2794 prime?
False
Suppose 0*i - 2*h = 3*i - 9, -4*h - 22 = -2*i. Let a(q) = 375*q**3 + 8*q**2 - 10*q + 16. Is a(i) a composite number?
False
Suppose 6*g = 4*b + 4*g - 463868, 0 = -8*g + 4*g. Is b composite?
True
Let v(c) = -c**3 - 4*c**2 - 14*c - 5. Let m(n) = -70*n. Let w be m(-1). Suppose 5*q = -w + 10. Is v(q) prime?
False
Let j(q) = q**2 + q. Let z(o) = 9*o**2 + 14*o - 20. Let l(n) = -2*j(n) + z(n). Suppose 0 = -2*i + 2, 22*i - 26*i + 48 = 4*k. Is l(k) a composite number?
True
Suppose -4*a - 67*h + 72323 = -62*h, 9 = 3*h. Is a a composite number?
False
Suppose 2*p - 4840901 = 114*t - 117*t, 3*p - 7261353 = -4*t. Is p prime?
False
Suppose -3*s = 5*i - 1016244, -5*i = -0*i - 3*s - 101628